7*l - 948. What is the thousands digit of j(-41)?
2
Let m(j) = j**3 + 36*j**2 - 26*j - 4. What is the hundreds digit of m(22)?
4
Suppose 22*u = -5*u + 35478. Let q = -396 + u. What is the units digit of q?
8
Suppose 7*d + 5*p - 14 = 5*d, 8 = -4*d - p. Let z(f) = -74*f + 82. What is the tens digit of z(d)?
0
Suppose 32 = -6*m + 8. What is the units digit of m/4 - (-532)/4?
2
Let z(a) = -a**3 + 23*a**2 + 24*a - 9. Let r be z(10). Suppose -r = -3*q - h, 0 = -3*q + 4*q + 3*h - 521. What is the tens digit of q?
0
Let i be 66/22*-1*3370/6. Let j = i - -3431. What is the thousands digit of j?
1
Suppose 0 = 5*n + v - 158942, 3*n - 5*v - 9692 = 85690. What is the tens digit of n?
8
Let c(s) = 7*s**2 - 46*s - 8. Let f be c(7). Let z(l) = -l**2 + 13*l + 7. What is the units digit of z(f)?
7
Suppose q + 4*n - 50004 = 0, -100063 = 1073*q - 1075*q + 3*n. What is the ten thousands digit of q?
5
Suppose -103607 + 31415 = -4*i. What is the ten thousands digit of i?
1
Suppose 13*k + 1 - 66 = 0. Suppose 2*m + k*i = -1 - 1, -4*i - 24 = -4*m. Suppose m*p = -4*p + 712. What is the units digit of p?
9
Let i(g) = 79*g**2 - 2492*g - 94. What is the units digit of i(45)?
1
Let c(y) = 16*y**2 - 3*y - 3. Let t(g) = -g**3 + 2*g**2 + 2*g + 2. Let m be t(3). Let n be c(m). What is the units digit of (-1)/(-4) - ((-3100)/n - 3)?
7
Let m(z) = z**3 + 15*z**2 + 39*z + 31. Let y be m(-15). Let u = y + 938. What is the hundreds digit of u?
3
Let b = -25 + 23. Let d be (1 - (b + -342)) + -3. Suppose -x + d = 6*z - z, 2 = x. What is the units digit of z?
8
Let m be -8 - (882/(-2) - 0). Let o = m - -214. What is the hundreds digit of o?
6
Let b be -3 + 4/(8/(-6)). Let r(t) = -4*t**3 - 21*t**2 - 6*t + 12. What is the hundreds digit of r(b)?
1
Suppose -23*f = -21*f - 8. Let z(k) = 56*k - 1 + 10*k - 2 - f. What is the units digit of z(3)?
1
Let g(j) = 49*j**2 + 90*j**2 + 92*j**2 + 2*j + 2. What is the hundreds digit of g(-1)?
2
Let s = -150 + 154. Suppose 2*y - 1664 = -2*p, -3*y - s*p + 2521 = -6*p. What is the hundreds digit of y?
8
Suppose 2*c - 12529 - 3143 = -2*u, -u - 2*c = -7839. What is the units digit of u?
3
Suppose 20 = -4*h, 6*y - 17*h - 52055 = -22*h. What is the thousands digit of y?
8
Let s(c) = -129*c - 6. Let z be s(-20). Let y = -1410 + z. What is the thousands digit of y?
1
Let c be (-12)/(-18) - (-40)/12. Suppose c - 4 = -2*j. Suppose 4*f = -3*p + 272, -3*f + 2*p - 100 + 304 = j. What is the tens digit of f?
6
Let u(i) = 20*i + 4. Let f be u(5). Let v = f + -43. Suppose -4*j + 96 = 3*b, -3*j + v = 3*b - 11. What is the units digit of j?
4
Let d(r) = -409*r + 29. Let k(m) = -m. Let z(i) = -d(i) - 6*k(i). What is the hundreds digit of z(1)?
3
Let x be (-1 - 1130/(-6))/(6/(-9)). Let p = -37 - x. What is the tens digit of p?
4
Suppose -14*t - 3*t = -27387. Let w = t - 980. What is the units digit of w?
1
Suppose 0 = -3*f - f + 840. Let g(u) = u**3 - 5*u**2 - 2*u + 10. Let c be g(5). Suppose c = -5*l - 85 + f. What is the tens digit of l?
2
Suppose 2*b - d - 107042 = 5749, -5*d = 3*b - 169167. What is the ten thousands digit of b?
5
Let n(j) = 4*j + 28. Suppose 0 = 3*v - 11*v + 112. Let t be n(v). Let o = t - 14. What is the units digit of o?
0
Let d(q) = q**2 + 7*q - 16. Let m be d(-9). Suppose u - 6 = -m*y, 4*y + 5 = -4*u + 13. What is the tens digit of 129 + y + -7 + -4?
2
Let j(d) = 201*d**2 - 6*d + 7. Let o be j(2). Suppose 1343 + o = 9*h. What is the hundreds digit of h?
2
Let d = -998 - -11810. What is the ten thousands digit of d?
1
Let o = -44 - 162. Suppose -y + 3*j = -311, -6*j + 4*j + 1846 = 6*y. Let r = y + o. What is the units digit of r?
2
Let r(d) = 1451*d - 2001. What is the units digit of r(8)?
7
Suppose -5*r - 19 = -2*o - 10*r, -4*o + 3*r = 1. Let c(q) = 230*q - 36. What is the units digit of c(o)?
4
Let c(n) be the third derivative of n**6/120 + n**5/10 - n**4/6 - 5*n**3/6 + n**2. Suppose 4*y = 2*u + 8 - 34, 1 = 7*u + 4*y. What is the units digit of c(u)?
4
Suppose -20*n + 148767 + 163993 = 0. What is the ten thousands digit of n?
1
Let t = 3370 + 4333. What is the tens digit of t?
0
Let n = 9362 - 195. What is the tens digit of n?
6
Suppose -2*r = -3*j - 174 - 72, 2*r = -2*j + 236. Let p = 22 - -76. What is the hundreds digit of 258/((-16)/r - p/(-60))?
1
Suppose 5*a - 2*o - 2211 = 0, 3*a - 4*o = 1114 + 207. Let b = 1383 - a. What is the units digit of b?
0
Suppose 11*f + 23 - 56 = 0. Suppose 279 + 123 = f*d. What is the units digit of d?
4
Let y(c) = c**3 + 10*c**2 - 22*c + 20. Let u be y(-12). Let t be (-636)/(-48) - 3/u. Suppose t*d = 17*d - 519. What is the units digit of d?
3
Let x(r) = 5 + 1 - 15*r - 9. What is the units digit of x(-3)?
2
Suppose 4*r - 20 = 0, 0 = -8*h + 6*h - 5*r + 31. Suppose -5*u = 2*f + h*f - 960, -2 = u. What is the tens digit of f?
9
Let i(b) = -2*b**2 + 9*b + 10. Suppose 0 = 2*s - 3 - 7. Let q be i(s). Suppose 4*h + q*d - 947 = 0, 5*h + d = -d + 1171. What is the tens digit of h?
3
Let m(y) = y**3 - 4*y**2 - 6*y. Let v(o) = -3*o**3 + 11*o**2 + 18*o. Let q(k) = -17*m(k) - 6*v(k). Let c be q(-4). What is the tens digit of 621/12 - -1*(-2)/c?
5
Let k(z) = 284*z + 66. What is the thousands digit of k(31)?
8
Let o be (43 + -200)/(-1 - (-10)/12). Suppose -o = 8*m - 2414. What is the tens digit of m?
8
Let f(i) = i**3 - 23*i**2 + i - 19. Let h be f(23). Suppose -14*b + h = -12*b. Suppose m - b*g = 230, 5*g + 289 + 406 = 3*m. What is the hundreds digit of m?
2
Let r = 100 + -106. What is the tens digit of 1 + 9/r + 175/2?
8
Suppose 14*z + 7382 = 147522. What is the hundreds digit of z?
0
Suppose 0*g = -g + 2. Suppose -g*h - 2*w = -760, 1682 = 4*h - 3*w + 197. Let x = h + -156. What is the tens digit of x?
1
What is the tens digit of -6*4/30 + 16 + (-418212)/(-90)?
6
Suppose -5*w + 9937 + 11121 = 2*c, 0 = 4*w + 5*c - 16843. Suppose 3*j - w = -6*j. Suppose 4*t - j = -4*s, s - 4*s - 440 = -4*t. What is the tens digit of t?
1
Suppose 0*g = 8*g + 203232. What is the units digit of g/(-48) - (-9)/12?
0
Let i(s) = -6*s**2 + 9 - 6 - 4. Let n be i(1). What is the units digit of 57*1 - n/7?
8
Let j(d) = -d - 11. Let x be j(-11). Let g(w) = -2*w + 2. Let q be g(x). Suppose -q*p + k = -176, 3*k + 372 = 4*p + 6*k. What is the units digit of p?
0
Let t(m) = m**3 - 16*m**2 + 7*m - 185. What is the hundreds digit of t(22)?
8
Let q(r) = r**3 - 15*r**2 - 14*r - 31. Let i be q(16). Let b(j) = i - 1 - 34*j - 1 - 1. What is the units digit of b(-2)?
6
Suppose 0 = 13*r - 20*r + 525. Let k = r + 411. What is the units digit of k?
6
Let o(g) = 20*g - 8. Let y be o(-6). Let w = -9 - y. Let s = 171 - w. What is the units digit of s?
2
Let t(s) = s**3 - 2*s**2 - 5*s + 18. Let v be t(4). What is the units digit of (-258)/(v/(-5)) + -6?
7
Let c(w) = 2087*w + 3430. What is the units digit of c(5)?
5
Let s = 102 - 96. What is the units digit of (-67)/(0 + (s/10)/(-3))?
5
Let o be 250/15*24/10. Let w = -28 + o. Suppose w*l - 338 = 118. What is the units digit of l?
8
What is the hundreds digit of 9 + -7 + 6/(-48)*-654*636?
9
Let w(k) = -k**3 + 107*k**2 + 41*k - 782. What is the units digit of w(107)?
5
Let i be 5*1 - 9/9. Let x(w) = 60*w**2 - 13*w - 4. Let j be x(4). Suppose i*y = 12*y - j. What is the hundreds digit of y?
1
Let m(d) = 23*d**2 - 42*d - 689. What is the tens digit of m(-18)?
1
Let r(s) be the third derivative of 67*s**4/12 + 14*s**3/3 - 176*s**2. What is the units digit of r(7)?
6
Let y be 15/(-9)*6/(-5). Let u = -128 - -263. Suppose -q = l - u, -5*q - l - y*l = -675. What is the units digit of q?
5
Let y(q) = 8*q**2 - 37*q - 128. What is the tens digit of y(-13)?
0
Let b = -100 - -64. What is the hundreds digit of (-7)/(((-1)/201)/((-12)/b))?
4
Suppose -2*f = -4*z - 5770 + 1494, -4*z = f + 4282. Let q = z - -470. What is the tens digit of ((-6)/(-15))/((-6)/q)?
4
Let x = 41071 + -11533. What is the ten thousands digit of x?
2
Suppose -8730 = -a + 2*y, -31*y + 27*y = -5*a + 43626. What is the units digit of a?
2
Let j(r) = r**2 + 9*r + 5. Let i be j(-9). Let c be (-20)/8*2/i. What is the units digit of -9*c/3 - -37?
0
Let s = 483 + -208. Suppose 9*o + s = 860. What is the units digit of o?
5
Let m(b) = b**3 - 9*b**2 - 2*b - 13. Let y be m(9). Let t = y - -35. Suppose 2*s + 260 = t*s. What is the tens digit of s?
3
Let p(z) = -14*z + 20. Let